{"id":304,"date":"2018-05-30T16:29:14","date_gmt":"2018-05-30T14:29:14","guid":{"rendered":"http:\/\/www.pavihard.it\/?page_id=304"},"modified":"2020-05-25T10:43:27","modified_gmt":"2020-05-25T08:43:27","slug":"privacy","status":"publish","type":"page","link":"https:\/\/www.pavihard.it\/?page_id=304","title":{"rendered":"privacy"},"content":{"rendered":"<p class=\"p1\"><span class=\"s1\"><b>PRIVACY POLICY<\/b><\/span><\/p>\n<p class=\"p1\"><span class=\"s1\"><i>I Informazioni<\/i><\/span><\/p>\n<p class=\"p1\"><span class=\"s1\">1. In questa sezione sono contenute le informazioni relative alle modalit\u00e0 di gestione di pavihard.it in riferimento al trattamento dei dati degli utenti di pavihard.it<\/span><\/p>\n<p class=\"p1\"><span class=\"s1\">2. La presente informativa ha valore anche ai fini dell&#8217; art. 13 del D.Lgs. n. 196\/2003, Codice in materia di protezione dei dati personali, e ai fini del Regolamento UE n. 2016\/679, relativo alla protezione delle persone fisiche con riguardo al trattamento dei dati personali nonch\u00e9 alla libera circolazione di tali dati, per i soggetti che interagiscono con pavihard.it ed \u00e8 raggiungibile all&#8217;indirizzo corrispondente alla pagina iniziale: www.pavihard.it<\/span><\/p>\n<p class=\"p1\"><span class=\"s1\">3. L&#8217;informativa \u00e8 resa solo per pavihard.it e non anche per altri siti web eventualmente consultati dall&#8217;utente tramite link in esso contenuti.<\/span><\/p>\n<p class=\"p1\"><span class=\"s1\">4. Scopo del presente documento \u00e8 fornire indicazioni circa le modalit\u00e0, i tempi e la natura delle informazioni che i titolari del trattamento devono fornire agli utenti al momento della connessione alle pagine web di pavihard.it, indipendentemente dagli scopi del collegamento stesso, secondo la legislazione Italiana ed Europea.<\/span><\/p>\n<p class=\"p1\"><span class=\"s1\">5. L&#8217;informativa pu\u00f2 subire modifiche a causa dell&#8217;introduzione di nuove norme al riguardo, si invita pertanto l&#8217;utente a controllare periodicamente la presente pagina.<\/span><\/p>\n<p class=\"p1\"><span class=\"s1\">6. Se l&#8217;utente ha meno di 16 anni, ai sensi dell&#8217;art.8, c.1 regolamento UE 2016\/679, dovr\u00e0 legittimare il suo consenso attraverso l&#8217;autorizzazione dei genitori o di chi ne fa le veci.<\/span><\/p>\n<p class=\"p1\"><span class=\"s1\"><b>II &#8211; TRATTAMENTO DEI DATI<\/b><\/span><\/p>\n<p class=\"p1\"><span class=\"s1\"><i>1 &#8211; Titolare dei Dati<\/i><\/span><\/p>\n<p class=\"p1\"><span class=\"s1\">1. Il titolare del trattamento \u00e8 la persona fisica o giuridica, l&#8217;autorit\u00e0 pubblica, il servizio o altro organismo che, singolarmente o insieme ad altri, determina le finalit\u00e0 e i mezzi del trattamento di dati personali. Si occupa anche dei profili sulla sicurezza.<\/span><\/p>\n<p class=\"p1\"><span class=\"s1\">2. Relativamente al presente sito web il titolare del trattamento \u00e8: titolare trattamento&#8221; Francesca Borracci , e per ogni chiarimento o esercizio dei diritti dell&#8217;utente potr\u00e0 contattarlo al seguente indirizzo mail: info@panaditaliana.it<\/span><\/p>\n<p class=\"p1\"><span class=\"s1\"><i>2 &#8211; Responsabile del trattamento dati<\/i><\/span><\/p>\n<p class=\"p1\"><span class=\"s1\">1. Il responsabile del trattamento \u00e8 la persona fisica o giuridica, l&#8217;autorit\u00e0 pubblica, il servizio o altro organismo che tratta dati personali per conto del titolare del trattamento.<\/span><\/p>\n<p class=\"p1\"><span class=\"s1\">2. Ai sensi del regolamento UE n. 2016\/679, su nomina del titolare del dati, il responsabile del trattamento dei dati del sito pavihard.it<\/span><\/p>\n<p class=\"p1\"><span class=\"s1\"><i>3 &#8211; Luogo trattamento dati<\/i><\/span><\/p>\n<p class=\"p1\"><span class=\"s1\">1. Il trattamento dei dati generato dall&#8217;utilizzo di pavihard.it avviene presso <\/span><\/p>\n<p class=\"p1\"><span class=\"s1\">2. In caso di necessit\u00e0, i dati connessi al servizio newsletter possono essere trattati dal responsabile del trattamento o soggetti da esso incaricati a tal fine presso la relativa sede.<\/span><\/p>\n<p class=\"p1\"><span class=\"s1\"><b>III COOKIES<\/b><\/span><\/p>\n<p class=\"p1\"><span class=\"s1\"><i>1 &#8211; Tipo di Cookies<\/i><\/span><\/p>\n<p class=\"p1\"><span class=\"s1\">1. Il sito pavihard.it utilizza cookies per rendere l&#8217;esperienza di navigazione dell&#8217;utente pi\u00f9 facile ed intuitiva: i cookies sono piccole stringhe di testo utilizzate per memorizzare alcune informazioni che possono riguardare l&#8217;utente, le sue preferenze o il dispositivo di accesso a Internet (computer, tablet o cellulare) e vengono utilizzate principalmente per adeguare il funzionamento del sito alle aspettative dell&#8217;utente, offrendo un&#8217;esperienza di navigazione pi\u00f9 personalizzata e memorizzando le scelte effettuate in precedenza.<\/span><\/p>\n<p class=\"p1\"><span class=\"s1\">2. Un cookie consiste in un ridotto insieme di dati trasferiti al browser dell&#8217;utente da un server web e pu\u00f2 essere letto unicamente dal server che ha effettuato il trasferimento. Non si tratta di codice eseguibile e non trasmette virus.<\/span><\/p>\n<p class=\"p1\"><span class=\"s1\">3. I cookies non registrano alcuna informazione personale e gli eventuali dati identificabili non verranno memorizzati. Se si desidera, \u00e8 possibile impedire il salvataggio di alcuni o tutti i cookie. Tuttavia, in questo caso l&#8217;utilizzo del sito e dei servizi offerti potrebbe risultarne compromesso. Per procedere senza modificare le opzioni relative ai cookies \u00e8 sufficiente continuare con la navigazione.<\/span><\/p>\n<p class=\"p1\"><span class=\"s1\">Di seguito le tipologie di cookies di cui il sito fa uso:<\/span><\/p>\n<p class=\"p1\"><span class=\"s1\"><i>2 &#8211; Cookies tecnici<\/i><\/span><\/p>\n<p class=\"p1\"><span class=\"s1\">1. Ci sono numerose tecnologie usate per conservare informazioni nel computer dell&#8217;utente, che poi vengono raccolte dai siti. Tra queste la pi\u00f9 conosciuta e utilizzata \u00e8 quella dei cookies HTML. Essi servono per la navigazione e per facilitare l&#8217;accesso e la fruizione del sito da parte dell&#8217;utente. Sono necessari alla trasmissione di comunicazioni su rete elettronica ovvero al fornitore per erogare il servizio richiesto dal cliente.<\/span><\/p>\n<p class=\"p1\"><span class=\"s1\">2. Le impostazioni per gestire o disattivare i cookies possono variare a seconda del browser internet utilizzato. Ad ogni modo, l&#8217;utente pu\u00f2 gestire o richiedere la disattivazione generale o la cancellazione dei cookies, modificando le impostazioni del proprio browser internet. Tale disattivazione pu\u00f2 rallentare o impedire l&#8217;accesso ad alcune parti del sito.<\/span><\/p>\n<p class=\"p1\"><span class=\"s1\">3. L&#8217;uso di cookies tecnici consente la fruizione sicura ed efficiente del sito.<\/span><\/p>\n<p class=\"p1\"><span class=\"s1\">4. I cookies che vengono inseriti nel browser e ritrasmessi mediante Google Analytics o tramite il servizio statistiche di blogger o similari sono tecnici solo se utilizzati a fini di ottimizzazione del sito direttamente dal titolare del sito stesso, che potr\u00e0 raccogliere informazioni in forma aggregata sul numero degli utenti e su come questi visitano il sito. A queste condizioni, per i cookies analytics valgono le stesse regole, in tema di informativa e consenso, previste per i cookies tecnici.<\/span><\/p>\n<p class=\"p1\"><span class=\"s1\">5. Dal punto di vista della durata si possono distinguere cookies temporanei di sessione che si cancellano automaticamente al termine della sessione di navigazione e servono per identificare l&#8217;utente e quindi evitare il login ad ogni pagina visitata e quelli permanenti che restano attivi nel pc fino a scadenza o cancellazione da parte dell&#8217;utente.<\/span><\/p>\n<p class=\"p1\"><span class=\"s1\">6. Potranno essere installati cookes di sessione al fine di consentire l&#8217;accesso e la permanenza nell&#8217;area riservata del portale come utente autenticato.<\/span><\/p>\n<p class=\"p1\"><span class=\"s1\">7. Essi non vengono memorizzati in modo persistente ma esclusivamente per la durata della navigazione fino alla chiusura del browser e svaniscono con la chiusura dello stesso. Il loro uso \u00e8 strettamente limitato alla trasmissione di identificativi di sessione costituiti da numeri casuali generati dal server necessari per consentire l&#8217;esplorazione sicura ed efficiente del sito.<\/span><\/p>\n<p class=\"p1\"><span class=\"s1\"><i>3 &#8211; Cookies di terze parti<\/i><\/span><\/p>\n<p class=\"p1\"><span class=\"s1\">1. In relazione alla provenienza si distinguono i cookies inviati al browser direttamente dal sito che si sta visitando e quelli di terze parti inviati al computer da altri siti e non da quello che si sta visitando.<\/span><\/p>\n<p class=\"p1\"><span class=\"s1\">2. I cookies permanenti sono spesso cookies di terze parti.<\/span><\/p>\n<p class=\"p1\"><span class=\"s1\">3. La maggior parte dei cookies di terze parti \u00e8 costituita da cookies di tracciamento usati per individuare il comportamento online, capire gli interessi e quindi personalizzare le proposte pubblicitarie per gli utenti.<\/span><\/p>\n<p class=\"p1\"><span class=\"s1\">4. Potranno essere installati cookies di terze parti analitici. Essi sono inviati da domini di predette terze parti esterni al sito.<\/span><\/p>\n<p class=\"p1\"><span class=\"s1\">5. I cookies analitici di terze parti sono impiegati per rilevare informazioni sul comportamento degli utenti su pavihard.it. La rilevazione avviene in forma anonima, al fine di monitorare le prestazioni e migliorare l&#8217;usabilit\u00e0 del sito. I cookies di profilazione di terze parti sono utilizzati per creare profili relativi agli utenti, al fine di proporre messaggi pubblicitari in linea con le scelte manifestate dagli utenti medesimi.<\/span><\/p>\n<p class=\"p1\"><span class=\"s1\">6. L&#8217;utilizzo di questi cookies \u00e8 disciplinato dalle regole predisposte dalle terze parti medesime, pertanto, si invitano gli utenti a prendere visione delle informative privacy e delle indicazioni per gestire o disabilitare i cookies pubblicate nelle relative pagine web.<\/span><\/p>\n<p class=\"p1\"><span class=\"s1\"><i>4 &#8211; Cookies di profilazione<\/i><\/span><\/p>\n<p class=\"p1\"><span class=\"s1\">1. Sono cookie di profilazione quelli a creare profili relativi all&#8217;utente e vengono utilizzati al fine di inviare messaggi pubblicitari in linea con le preferenze manifestate dallo stesso nell&#8217;ambito della navigazione in rete.<\/span><\/p>\n<p class=\"p1\"><span class=\"s1\">2. Quando si utilizzeranno questi tipi di cookies l&#8217;utente dovr\u00e0 dare un consenso esplicito.<\/span><\/p>\n<p class=\"p1\"><span class=\"s1\">3. Si applicher\u00e0 l&#8217;articolo 22 del Regolamento UE 2016\/679 e l&#8217;articolo 122 del Codice in materia di protezione dei dati.<\/span><\/p>\n<p class=\"p1\"><span class=\"s1\"><b>III DATI TRATTATI<\/b><\/span><\/p>\n<p class=\"p1\"><span class=\"s1\"><i>1 &#8211; Modalit\u00e0 trattamento dati<\/i><\/span><\/p>\n<p class=\"p1\"><span class=\"s1\">1. Come tutti i siti web anche il presente sito fa uso di log files nei quali vengono conservate informazioni raccolte in maniera automatizzata durante le visite degli utenti. Le informazioni raccolte potrebbero essere le seguenti:<\/span><\/p>\n<p class=\"p1\"><span class=\"s1\">&#8211; tipo di browser e parametri del dispositivo usato per connettersi al sito;<\/span><\/p>\n<p class=\"p1\"><span class=\"s1\">&#8211; nome dell&#8217;internet service provider (ISP);<\/span><\/p>\n<p class=\"p1\"><span class=\"s1\">&#8211; data e orario di visita;<\/span><\/p>\n<p class=\"p1\"><span class=\"s1\">&#8211; pagina web di provenienza del visitatore (referral) e di uscita;<\/span><\/p>\n<p class=\"p1\"><span class=\"s1\">&#8211; eventualmente il numero di click.<\/span><\/p>\n<p class=\"p1\"><span class=\"s1\">2. Le suddette informazioni sono trattate in forma automatizzata e raccolte in forma esclusivamente aggregata al fine di verificare il corretto funzionamento del sito, e per motivi di sicurezza. Tali informazioni saranno trattate in base ai legittimi interessi del titolare.<\/span><\/p>\n<p class=\"p1\"><span class=\"s1\">3. A fini di sicurezza (filtri antispam, firewall, rilevazione virus), i dati registrati automaticamente possono eventualmente comprendere anche dati personali come l&#8217;indirizzo Ip, che potrebbe essere utilizzato, conformemente alle leggi vigenti in materia, al fine di bloccare tentativi di danneggiamento al sito medesimo o di recare danno ad altri utenti, o comunque attivit\u00e0 dannose o costituenti reato. Tali dati non sono mai utilizzati per l&#8217;identificazione o la profilazione dell&#8217;utente, ma solo a fini di tutela del sito e dei suoi utenti, tali informazioni saranno trattate in base ai legittimi interessi del titolare.<\/span><\/p>\n<p class=\"p1\"><span class=\"s1\">4. Qualora il sito consenta l&#8217;inserimento di commenti, oppure in caso di specifici servizi richiesti dall&#8217;utente, ivi compresi la possibilit\u00e0 di inviare il Curriculum Vitae per un eventuale rapporto lavorativo, il sito rileva automaticamente e registra alcuni dati identificativi dell&#8217;utente, compreso l&#8217;indirizzo mail. Tali dati si intendono volontariamente forniti dall&#8217;utente al momento della richiesta di erogazione del servizio. Inserendo un commento o altra informazione l&#8217;utente accetta espressamente l&#8217;informativa privacy, e in particolare acconsente che i contenuti inseriti siano liberamente diffusi anche a terzi. I dati ricevuti verranno utilizzati esclusivamente per l&#8217;erogazione del servizio richiesto e per il solo tempo necessario per la fornitura del servizio.<\/span><\/p>\n<p class=\"p1\"><span class=\"s1\">5. Le informazioni che gli utenti del sito riterranno di rendere pubbliche tramite i servizi e gli strumenti messi a disposizione degli stessi, sono fornite dall&#8217;utente consapevolmente e volontariamente, esentando il presente sito da qualsiasi responsabilit\u00e0 in merito ad eventuali violazioni delle leggi. Spetta all&#8217;utente verificare di avere i permessi per l&#8217;immissione di dati personali di terzi o di contenuti tutelati dalle norme nazionali ed internazionali.<\/span><\/p>\n<p class=\"p1\"><span class=\"s1\"><i>2 &#8211; Finalit\u00e0 del trattamento dati<\/i><\/span><\/p>\n<p class=\"p1\"><span class=\"s1\">1. I dati raccolti dal sito durante il suo funzionamento sono utilizzati per finalit\u00e0 sopra indicate e per le seguenti finalit\u00e0:<\/span><\/p>\n<p class=\"p1\"><span class=\"s1\">richiesta dati per inviare informazioni pubblicitarie<\/span><\/p>\n<p class=\"p1\"><span class=\"s1\">2. La conservazione dei dati sar\u00e0 effettuata per il periodo strettamente necessario al raggiungimento della finalit\u00e0 sopra indicata e comunque non superiore a 5 anni<\/span><\/p>\n<p class=\"p1\"><span class=\"s1\">3. I dati utilizzati a fini di sicurezza (blocco tentativi di danneggiamento del sito) sono conservati per il tempo strettamente necessario al raggiungimento del fine anteriormente indicato.<\/span><\/p>\n<p class=\"p1\"><span class=\"s1\"><i>3 &#8211; Dati forniti dall&#8217;utente<\/i><\/span><\/p>\n<p class=\"p1\"><span class=\"s1\">1. Come sopra indicato, l&#8217;invio facoltativo, esplicito e volontario di posta elettronica agli indirizzi indicati su questo sito comporta la successiva acquisizione dell&#8217;indirizzo del mittente, necessario per rispondere alle richieste, nonch\u00e9 degli eventuali altri dati personali inseriti nella missiva.<\/span><\/p>\n<p class=\"p1\"><span class=\"s1\">2. Specifiche informative di sintesi verranno progressivamente riportate o visualizzate nelle pagine del sito predisposte per particolari servizi a richiesta.<\/span><\/p>\n<p class=\"p1\"><span class=\"s1\"><i>4 &#8211; Supporto nella configurazione del proprio browser<\/i><\/span><\/p>\n<p class=\"p1\"><span class=\"s1\">1. L&#8217;utente pu\u00ec gestire i cookie anche attraverso le impostazioni del suo browser. Tuttavia, cancellando i cookies dal browser potrebbe rimuovere le preferenze che ha impostato per il sito.<\/span><\/p>\n<p class=\"p1\"><span class=\"s1\">2. Per ulteriori informazioni e supporto \u00e8 possibile anche visitare la pagina di aiuto specifica del web browser che si sta utilizzando:<\/span><\/p>\n<p class=\"p1\"><span class=\"s1\">&#8211; Internet Explorer: http:\/\/windows.microsoft.com\/en-us\/windows-vista\/block-or-allow-cookies<\/span><\/p>\n<p class=\"p1\"><span class=\"s1\">&#8211; Firefox: https:\/\/support.mozilla.org\/en-us\/kb\/enable-and-disable-cookies-website-preferences<\/span><\/p>\n<p class=\"p1\"><span class=\"s1\">&#8211; Safari: http:\/\/www.apple.com\/legal\/privacy\/it\/<\/span><\/p>\n<p class=\"p1\"><span class=\"s1\">&#8211; Chrome: https:\/\/support.google.com\/accounts\/answer\/61416?hl=it<\/span><\/p>\n<p class=\"p1\"><span class=\"s1\">&#8211; Opera: http:\/\/www.opera.com\/help\/tutorials\/security\/cookies\/<\/span><\/p>\n<p class=\"p1\"><span class=\"s1\"><i>5 &#8211; Plugin Social Network<\/i><\/span><\/p>\n<p class=\"p1\"><span class=\"s1\">1. Il presente sito incorpora anche plugin e\/o bottoni per i social network, al fine di consentire una facile condivisione dei contenuti sui vostri social network preferiti. Tali plugin sono programmati in modo da non impostare alcun cookie all&#8217;accesso della pagina, per salvaguardare la privacy degli utenti. Eventualmente i cookie vengono impostati, se cos\u00ec previsto dai social network, solo quando l&#8217;utente fa effettivo e volontario uso del plugin. Si tenga presente che se l&#8217;utente naviga essendo loggato nel social network allora ha gi\u00e0 acconsentito all&#8217;uso dei cookie veicolati tramite questo sito al momento dell&#8217;iscrizione al social network.<\/span><\/p>\n<p class=\"p1\"><span class=\"s1\">2. La raccolta e l&#8217;uso delle informazioni ottenute a mezzo del plugin sono regolati dalle rispettive informative privacy dei social network, alle quali si prega di fare riferimento:<\/span><\/p>\n<p class=\"p1\"><span class=\"s1\">Facebook: https:\/\/www.facebook.com\/help\/cookies<\/span><\/p>\n<p class=\"p1\"><span class=\"s1\">Twitter: https:\/\/support.twitter.com\/articles\/20170519-uso-dei-cookie-e-di-altre-tecnologie-simili-da-parte-di-twitter<\/span><\/p>\n<p class=\"p1\"><span class=\"s1\">Google+:http:\/\/www.google.com\/policies\/technologies\/cookies<\/span><\/p>\n<p class=\"p1\"><span class=\"s1\">Pinterest: https:\/\/about.pinterest.com\/it\/privacy-policy<\/span><\/p>\n<p class=\"p1\"><span class=\"s1\">Linkedin: https:\/\/www.linkedin.com\/legal\/cookie-policy<\/span><\/p>\n<p class=\"p1\"><span class=\"s1\"><b>V. DIRITTI DELL&#8217;UTENTE<\/b><\/span><\/p>\n<p class=\"p1\"><span class=\"s1\">1. L&#8217;art. 13, c. 2 del Regolamento UE 2016\/679 elenca i diritti dell&#8217;utente.<\/span><\/p>\n<p class=\"p1\"><span class=\"s1\">2. Il sito pavihard.it intende pertanto informare l&#8217;utente sull&#8217;esistenza:<\/span><\/p>\n<p class=\"p1\"><span class=\"s1\">\u2013 del diritto dell&#8217;interessato di chiedere al titolare l&#8217;accesso ai dati personali (art. 15 Regolamento UE), il loro aggiornamento (art. 7, co. 3, lett. a) D.Lgs. 196\/2003), la rettifica (art. 16 Regolamento UE), l&#8217;integrazione (art. 7, co. 3, lett. a) D.Lgs. 196\/2003) o la limitazione del trattamento che lo riguardino (art. 18 Regolamento UE) o di opporsi, per motivi legittimi, al loro trattamento (art. 21 Regolamento UE), oltre al diritto alla portabilit\u00e0 dei dati (art. 20 Regolamento UE);<\/span><\/p>\n<p class=\"p1\"><span class=\"s1\">&#8211; del diritto di chiedere la cancellazione (art. 17 Regolamento UE), la trasformazione in forma anonima o il blocco dei dati trattati in violazione di legge, compresi quelli di cui non \u00e8 necessaria la conservazione in relazione agli scopi per i quali i dati sono stati raccolti o successivamente trattati (art. 7, co. 3, lett. b) D.Lgs. 196\/2003);<\/span><\/p>\n<p class=\"p1\"><span class=\"s1\">\u2013 del diritto di ottenere l&#8217;attestazione che le operazioni di aggiornamento, rettificazione, integrazione dei dati, cancellazione, blocco dei dati, trasformazione sono state portate a conoscenza, anche per quanto riguarda il loro contenuto, di coloro ai quali i dati sono stati comunicati o diffusi, eccettuato il caso in cui tale adempimento si rivela impossibile o comporta un impiego di mezzi manifestamente sproporzionato rispetto al diritto tutelato (art. 7, co. 3, lett. c) D.lgs. 196\/2003);<\/span><\/p>\n<p class=\"p1\"><span class=\"s1\">3. Le richieste possono essere indirizzate al titolare del trattamento, senza formalit\u00e0 o, in alternativa, utilizzando il modello previsto dal Garante per la Protezione dei Dati Personali, o inviando una mail all&#8217;indirizzo: info@panaditaliana.it<\/span><\/p>\n<p class=\"p1\"><span class=\"s1\">4. Qualora il trattamento sia basato sull&#8217;art. 6, paragrafo 1, lett. a)<\/span><\/p>\n<p class=\"p1\"><span class=\"s1\">\u2013 consenso espresso all&#8217;utilizzo \u2013 oppure sull&#8217;art. 9, paragrafo 2 lett. a)<\/span><\/p>\n<p class=\"p1\"><span class=\"s1\">\u2013 consenso espresso all&#8217;utilizzo di dati genetici, biometrici, relativi alla salute, che rivelino convinzioni religiose, o filosofiche o appartenenza sindacale, che rivelino l&#8217;origine razziale o etnica, le opinioni politiche<\/span><\/p>\n<p class=\"p1\"><span class=\"s1\">\u2013 l&#8217;utente ha il diritto di revocare il consenso in qualsiasi momento senza pregiudicare la liceit\u00e0 del trattamento basata sul consenso prestato prima della revoca.<\/span><\/p>\n<p class=\"p1\"><span class=\"s1\">5. Parimenti, in caso di violazione della normativa, l&#8217;utente ha il diritto di proporre reclamo presso il Garante per la Protezione dei Dati Personali, quale autorit\u00e0 preposta al controllo sul trattamento nello Stato Italiano.<\/span><\/p>\n<p class=\"p1\"><span class=\"s1\">6. Per una disamina pi\u00f9 approfondita dei diritti che Le competono, si vedano gli artt. 15 e ss. del Regolamento UE 2016\/679 e l&#8217;art. 7 del D.Lgs. 196\/2003.<\/span><\/p>\n<p class=\"p1\"><span class=\"s1\"><b>VI. SICUREZZA DATI FORNITI<\/b><\/span><\/p>\n<p class=\"p1\"><span class=\"s1\">1. Il presente sito tratta i dati degli utenti in maniera lecita e corretta, adottando le opportune misure di sicurezza volte ad impedire accessi non autorizzati, divulgazione, modifica o distruzione non autorizzata dei dati. Il trattamento viene effettuato mediante strumenti informatici e\/o telematici, con modalit\u00e0 organizzative e con logiche strettamente correlate alle finalit\u00e0 indicate.<\/span><\/p>\n<p class=\"p1\"><span class=\"s1\">2. Oltre al titolare, in alcuni casi, potrebbero avere accesso ai dati categorie di incaricati coinvolti nell&#8217;organizzazione del sito (personale amministrativo, commerciale, marketing, legali, amministratori di sistema) ovvero soggetti esterni (come fornitori di servizi tecnici terzi, corrieri postali, hosting provider, societ\u00e0 informatiche, agenzie di comunicazione).<\/span><\/p>\n<p class=\"p1\"><span class=\"s1\"><b>VII. MODIFICHE AL PRESENTE DOCUMENTO<\/b><\/span><\/p>\n<p class=\"p1\"><span class=\"s1\">1. Il presente documento, pubblicato all&#8217;indirizzo:<\/span><\/p>\n<p class=\"p1\"><span class=\"s1\">pavihard.it\/privacy &#8211; costituisce la privacy policy di questo sito.<\/span><\/p>\n<p class=\"p1\"><span class=\"s1\">2. Esso pu\u00f2 essere soggetto a modifiche o aggiornamenti. Qualora si tratti di modifiche ed aggiornamenti rilevanti questi saranno segnalati con apposite notifiche agli utenti.<\/span><\/p>\n<p class=\"p1\"><span class=\"s1\">3. Le versioni precedenti del documento saranno comunque consultabili a questa pagina.<\/span><\/p>\n<p class=\"p1\"><span class=\"s1\">4. Il documento \u00e8 stato aggiornato in data 23\/05\/2018 per essere conforme alle disposizioni normative in materia, ed in particolare in conformit\u00e0 al Regolamento UE 2016\/679.<\/span><\/p>\n<p class=\"p1\"><span class=\"s1\">La richiesta di cancellazione dei propri dati deve avvenire esclusivamente su richiesta tramite email: info@panaditaliana.it<\/span><\/p>\n","protected":false},"excerpt":{"rendered":"<p>PRIVACY POLICY I Informazioni 1. In questa sezione sono contenute le informazioni relative alle modalit\u00e0 di gestione di pavihard.it in riferimento al trattamento dei dati degli utenti di pavihard.it 2. La presente informativa ha valore anche ai fini dell&#8217; art. 13 del D.Lgs. n. 196\/2003, Codice in materia di protezione dei dati personali, e ai [&hellip;]<\/p>\n","protected":false},"author":1,"featured_media":0,"parent":0,"menu_order":0,"comment_status":"closed","ping_status":"closed","template":"","meta":{"footnotes":""},"class_list":["post-304","page","type-page","status-publish","hentry"],"_links":{"self":[{"href":"https:\/\/www.pavihard.it\/index.php?rest_route=\/wp\/v2\/pages\/304","targetHints":{"allow":["GET"]}}],"collection":[{"href":"https:\/\/www.pavihard.it\/index.php?rest_route=\/wp\/v2\/pages"}],"about":[{"href":"https:\/\/www.pavihard.it\/index.php?rest_route=\/wp\/v2\/types\/page"}],"author":[{"embeddable":true,"href":"https:\/\/www.pavihard.it\/index.php?rest_route=\/wp\/v2\/users\/1"}],"replies":[{"embeddable":true,"href":"https:\/\/www.pavihard.it\/index.php?rest_route=%2Fwp%2Fv2%2Fcomments&post=304"}],"version-history":[{"count":3,"href":"https:\/\/www.pavihard.it\/index.php?rest_route=\/wp\/v2\/pages\/304\/revisions"}],"predecessor-version":[{"id":336,"href":"https:\/\/www.pavihard.it\/index.php?rest_route=\/wp\/v2\/pages\/304\/revisions\/336"}],"wp:attachment":[{"href":"https:\/\/www.pavihard.it\/index.php?rest_route=%2Fwp%2Fv2%2Fmedia&parent=304"}],"curies":[{"name":"wp","href":"https:\/\/api.w.org\/{rel}","templated":true}]}}